{"id":81469,"date":"2026-09-04T13:16:36","date_gmt":"2026-09-04T10:16:36","guid":{"rendered":"https:\/\/www.rekvi.ee\/toode\/vauvan-palasaippua-kamomillalla-kehakukalla-ja-pantenolilla\/"},"modified":"2026-09-04T13:16:36","modified_gmt":"2026-09-04T10:16:36","slug":"vauvan-palasaippua-kamomillalla-kehakukalla-ja-pantenolilla","status":"publish","type":"product","link":"https:\/\/www.rekvi.ee\/fi\/toode\/vauvan-palasaippua-kamomillalla-kehakukalla-ja-pantenolilla\/","title":{"rendered":"Vauvan palasaippua kamomillalla, keh\u00e4kukalla ja pantenolilla 70 g"},"content":{"rendered":"","protected":false},"excerpt":{"rendered":"<p>Hell\u00e4varainen vauvan palasaippua on suunniteltu vauvojen herk\u00e4n ja hell\u00e4n ihon p\u00e4ivitt\u00e4iseen puhdistukseen. Kamomillaa, keh\u00e4kukkaa, glyseriini\u00e4 ja pantenolia sis\u00e4lt\u00e4v\u00e4 koostumus auttaa puhdistamaan ihoa hell\u00e4varaisesti sek\u00e4 kosteuttamaan ja pehment\u00e4m\u00e4\u00e4n sit\u00e4.<\/p>\n<p>Saippua ei sis\u00e4ll\u00e4 v\u00e4riaineita eik\u00e4 hajusteita. Se ei kuivata ihoa ja sopii p\u00e4ivitt\u00e4iseen vauvan ihonhoitoon, my\u00f6s vastasyntyneille.<\/p>\n<h3>T\u00e4rkeimm\u00e4t edut<\/h3>\n<ul>\n<li>Sis\u00e4lt\u00e4\u00e4 kamomillaa ja keh\u00e4kukkaa<\/li>\n<li>Sis\u00e4lt\u00e4\u00e4 glyseriini\u00e4 ja pantenolia<\/li>\n<li>Hypoallergeeninen koostumus<\/li>\n<li>Ei sis\u00e4ll\u00e4 v\u00e4riaineita<\/li>\n<li>Hajusteeton<\/li>\n<li>Ei kuivata ihoa<\/li>\n<li>Sopii herk\u00e4lle vauvan iholle<\/li>\n<li>Sopii vastasyntyneille<\/li>\n<li>Puhdistaa ihon hell\u00e4varaisesti<\/li>\n<li>Kosteuttaa ja pehment\u00e4\u00e4 ihoa<\/li>\n<li>Rauhoittaa ihoa<\/li>\n<li>Tukee ihon uusiutumista<\/li>\n<\/ul>\n<p><strong>Vaikutus:<\/strong>\u00a0puhdistava, rauhoittava, kosteuttava, pehment\u00e4v\u00e4 ja uudistava.<\/p>\n<p><strong>K\u00e4ytt\u00f6:<\/strong>\u00a0vauvan herk\u00e4n ihon p\u00e4ivitt\u00e4iseen puhdistukseen ja hoitoon.<\/p>\n","protected":false},"featured_media":81470,"template":"","meta":[],"product_cat":[2606,2742,2748,2749],"product_tag":[],"yoast_head":"<!-- This site is optimized with the Yoast SEO plugin v19.5.1 - https:\/\/yoast.com\/wordpress\/plugins\/seo\/ -->\n<title>Vauvan palasaippua kamomillalla, keh\u00e4kukalla ja pantenolilla 70 g &ndash; REKVI<\/title>\n<meta name=\"description\" content=\"\u0417\u0430\u043a\u0430\u0437\u0430\u0442\u044c \u00abVauvan palasaippua kamomillalla, keh\u00e4kukalla ja pantenolilla 70 g\u00bb \u0432 \u0438\u043d\u0442\u0435\u0440\u043d\u0435\u0442-\u043c\u0430\u0433\u0430\u0437\u0438\u043d\u0435 REKVI \u0441 \u0434\u043e\u0441\u0442\u0430\u0432\u043a\u043e\u0439 \u043f\u043e \u042d\u0441\u0442\u043e\u043d\u0438\u0438. \u260e +3726363659\" \/>\n<meta name=\"robots\" content=\"index, follow, max-snippet:-1, max-image-preview:large, max-video-preview:-1\" \/>\n<link rel=\"canonical\" href=\"https:\/\/www.rekvi.ee\/fi\/toode\/vauvan-palasaippua-kamomillalla-kehakukalla-ja-pantenolilla\/\" \/>\n<meta property=\"og:locale\" content=\"fi_FI\" \/>\n<meta property=\"og:type\" content=\"article\" \/>\n<meta property=\"og:title\" content=\"Vauvan palasaippua kamomillalla, keh\u00e4kukalla ja pantenolilla 70 g &ndash; REKVI\" \/>\n<meta property=\"og:description\" content=\"\u0417\u0430\u043a\u0430\u0437\u0430\u0442\u044c \u00abVauvan palasaippua kamomillalla, keh\u00e4kukalla ja pantenolilla 70 g\u00bb \u0432 \u0438\u043d\u0442\u0435\u0440\u043d\u0435\u0442-\u043c\u0430\u0433\u0430\u0437\u0438\u043d\u0435 REKVI \u0441 \u0434\u043e\u0441\u0442\u0430\u0432\u043a\u043e\u0439 \u043f\u043e \u042d\u0441\u0442\u043e\u043d\u0438\u0438. \u260e +3726363659\" \/>\n<meta property=\"og:url\" content=\"https:\/\/www.rekvi.ee\/fi\/toode\/vauvan-palasaippua-kamomillalla-kehakukalla-ja-pantenolilla\/\" \/>\n<meta property=\"og:site_name\" content=\"REKVI\" \/>\n<meta property=\"article:publisher\" content=\"https:\/\/www.facebook.com\/Rekvi.ee\" \/>\n<meta property=\"og:image\" content=\"https:\/\/www.rekvi.ee\/wp-content\/uploads\/2026\/09\/4820023360075-500x500-1.jpg\" \/>\n\t<meta property=\"og:image:width\" content=\"500\" \/>\n\t<meta property=\"og:image:height\" content=\"500\" \/>\n\t<meta property=\"og:image:type\" content=\"image\/jpeg\" \/>\n<meta name=\"twitter:card\" content=\"summary_large_image\" \/>\n<script type=\"application\/ld+json\" class=\"yoast-schema-graph\">{\"@context\":\"https:\/\/schema.org\",\"@graph\":[{\"@type\":\"WebPage\",\"@id\":\"https:\/\/www.rekvi.ee\/fi\/toode\/vauvan-palasaippua-kamomillalla-kehakukalla-ja-pantenolilla\/\",\"url\":\"https:\/\/www.rekvi.ee\/fi\/toode\/vauvan-palasaippua-kamomillalla-kehakukalla-ja-pantenolilla\/\",\"name\":\"Vauvan palasaippua kamomillalla, keh\u00e4kukalla ja pantenolilla 70 g &ndash; REKVI\",\"isPartOf\":{\"@id\":\"https:\/\/www.rekvi.ee\/#website\"},\"datePublished\":\"2026-09-04T10:16:36+00:00\",\"dateModified\":\"2026-09-04T10:16:36+00:00\",\"description\":\"\u0417\u0430\u043a\u0430\u0437\u0430\u0442\u044c \u00abVauvan palasaippua kamomillalla, keh\u00e4kukalla ja pantenolilla 70 g\u00bb \u0432 \u0438\u043d\u0442\u0435\u0440\u043d\u0435\u0442-\u043c\u0430\u0433\u0430\u0437\u0438\u043d\u0435 REKVI \u0441 \u0434\u043e\u0441\u0442\u0430\u0432\u043a\u043e\u0439 \u043f\u043e \u042d\u0441\u0442\u043e\u043d\u0438\u0438. \u260e +3726363659\",\"breadcrumb\":{\"@id\":\"https:\/\/www.rekvi.ee\/fi\/toode\/vauvan-palasaippua-kamomillalla-kehakukalla-ja-pantenolilla\/#breadcrumb\"},\"inLanguage\":\"fi\",\"potentialAction\":[{\"@type\":\"ReadAction\",\"target\":[\"https:\/\/www.rekvi.ee\/fi\/toode\/vauvan-palasaippua-kamomillalla-kehakukalla-ja-pantenolilla\/\"]}]},{\"@type\":\"BreadcrumbList\",\"@id\":\"https:\/\/www.rekvi.ee\/fi\/toode\/vauvan-palasaippua-kamomillalla-kehakukalla-ja-pantenolilla\/#breadcrumb\",\"itemListElement\":[{\"@type\":\"ListItem\",\"position\":1,\"name\":\"Shop\",\"item\":\"https:\/\/www.rekvi.ee\/en\/e-shop\/\"},{\"@type\":\"ListItem\",\"position\":2,\"name\":\"Vauvan palasaippua kamomillalla, keh\u00e4kukalla ja pantenolilla 70 g\"}]},{\"@type\":\"WebSite\",\"@id\":\"https:\/\/www.rekvi.ee\/#website\",\"url\":\"https:\/\/www.rekvi.ee\/\",\"name\":\"REKVI\",\"description\":\"Tere tulemast kosmeetika maailma!\",\"potentialAction\":[{\"@type\":\"SearchAction\",\"target\":{\"@type\":\"EntryPoint\",\"urlTemplate\":\"https:\/\/www.rekvi.ee\/?s={search_term_string}\"},\"query-input\":\"required name=search_term_string\"}],\"inLanguage\":\"fi\"}]}<\/script>\n<!-- \/ Yoast SEO plugin. -->","yoast_head_json":{"title":"Vauvan palasaippua kamomillalla, keh\u00e4kukalla ja pantenolilla 70 g &ndash; REKVI","description":"\u0417\u0430\u043a\u0430\u0437\u0430\u0442\u044c \u00abVauvan palasaippua kamomillalla, keh\u00e4kukalla ja pantenolilla 70 g\u00bb \u0432 \u0438\u043d\u0442\u0435\u0440\u043d\u0435\u0442-\u043c\u0430\u0433\u0430\u0437\u0438\u043d\u0435 REKVI \u0441 \u0434\u043e\u0441\u0442\u0430\u0432\u043a\u043e\u0439 \u043f\u043e \u042d\u0441\u0442\u043e\u043d\u0438\u0438. \u260e +3726363659","robots":{"index":"index","follow":"follow","max-snippet":"max-snippet:-1","max-image-preview":"max-image-preview:large","max-video-preview":"max-video-preview:-1"},"canonical":"https:\/\/www.rekvi.ee\/fi\/toode\/vauvan-palasaippua-kamomillalla-kehakukalla-ja-pantenolilla\/","og_locale":"fi_FI","og_type":"article","og_title":"Vauvan palasaippua kamomillalla, keh\u00e4kukalla ja pantenolilla 70 g &ndash; REKVI","og_description":"\u0417\u0430\u043a\u0430\u0437\u0430\u0442\u044c \u00abVauvan palasaippua kamomillalla, keh\u00e4kukalla ja pantenolilla 70 g\u00bb \u0432 \u0438\u043d\u0442\u0435\u0440\u043d\u0435\u0442-\u043c\u0430\u0433\u0430\u0437\u0438\u043d\u0435 REKVI \u0441 \u0434\u043e\u0441\u0442\u0430\u0432\u043a\u043e\u0439 \u043f\u043e \u042d\u0441\u0442\u043e\u043d\u0438\u0438. \u260e +3726363659","og_url":"https:\/\/www.rekvi.ee\/fi\/toode\/vauvan-palasaippua-kamomillalla-kehakukalla-ja-pantenolilla\/","og_site_name":"REKVI","article_publisher":"https:\/\/www.facebook.com\/Rekvi.ee","og_image":[{"width":500,"height":500,"url":"https:\/\/www.rekvi.ee\/wp-content\/uploads\/2026\/09\/4820023360075-500x500-1.jpg","type":"image\/jpeg"}],"twitter_card":"summary_large_image","schema":{"@context":"https:\/\/schema.org","@graph":[{"@type":"WebPage","@id":"https:\/\/www.rekvi.ee\/fi\/toode\/vauvan-palasaippua-kamomillalla-kehakukalla-ja-pantenolilla\/","url":"https:\/\/www.rekvi.ee\/fi\/toode\/vauvan-palasaippua-kamomillalla-kehakukalla-ja-pantenolilla\/","name":"Vauvan palasaippua kamomillalla, keh\u00e4kukalla ja pantenolilla 70 g &ndash; REKVI","isPartOf":{"@id":"https:\/\/www.rekvi.ee\/#website"},"datePublished":"2026-09-04T10:16:36+00:00","dateModified":"2026-09-04T10:16:36+00:00","description":"\u0417\u0430\u043a\u0430\u0437\u0430\u0442\u044c \u00abVauvan palasaippua kamomillalla, keh\u00e4kukalla ja pantenolilla 70 g\u00bb \u0432 \u0438\u043d\u0442\u0435\u0440\u043d\u0435\u0442-\u043c\u0430\u0433\u0430\u0437\u0438\u043d\u0435 REKVI \u0441 \u0434\u043e\u0441\u0442\u0430\u0432\u043a\u043e\u0439 \u043f\u043e \u042d\u0441\u0442\u043e\u043d\u0438\u0438. \u260e +3726363659","breadcrumb":{"@id":"https:\/\/www.rekvi.ee\/fi\/toode\/vauvan-palasaippua-kamomillalla-kehakukalla-ja-pantenolilla\/#breadcrumb"},"inLanguage":"fi","potentialAction":[{"@type":"ReadAction","target":["https:\/\/www.rekvi.ee\/fi\/toode\/vauvan-palasaippua-kamomillalla-kehakukalla-ja-pantenolilla\/"]}]},{"@type":"BreadcrumbList","@id":"https:\/\/www.rekvi.ee\/fi\/toode\/vauvan-palasaippua-kamomillalla-kehakukalla-ja-pantenolilla\/#breadcrumb","itemListElement":[{"@type":"ListItem","position":1,"name":"Shop","item":"https:\/\/www.rekvi.ee\/en\/e-shop\/"},{"@type":"ListItem","position":2,"name":"Vauvan palasaippua kamomillalla, keh\u00e4kukalla ja pantenolilla 70 g"}]},{"@type":"WebSite","@id":"https:\/\/www.rekvi.ee\/#website","url":"https:\/\/www.rekvi.ee\/","name":"REKVI","description":"Tere tulemast kosmeetika maailma!","potentialAction":[{"@type":"SearchAction","target":{"@type":"EntryPoint","urlTemplate":"https:\/\/www.rekvi.ee\/?s={search_term_string}"},"query-input":"required name=search_term_string"}],"inLanguage":"fi"}]}},"_links":{"self":[{"href":"https:\/\/www.rekvi.ee\/fi\/wp-json\/wp\/v2\/product\/81469"}],"collection":[{"href":"https:\/\/www.rekvi.ee\/fi\/wp-json\/wp\/v2\/product"}],"about":[{"href":"https:\/\/www.rekvi.ee\/fi\/wp-json\/wp\/v2\/types\/product"}],"wp:featuredmedia":[{"embeddable":true,"href":"https:\/\/www.rekvi.ee\/fi\/wp-json\/wp\/v2\/media\/81470"}],"wp:attachment":[{"href":"https:\/\/www.rekvi.ee\/fi\/wp-json\/wp\/v2\/media?parent=81469"}],"wp:term":[{"taxonomy":"product_cat","embeddable":true,"href":"https:\/\/www.rekvi.ee\/fi\/wp-json\/wp\/v2\/product_cat?post=81469"},{"taxonomy":"product_tag","embeddable":true,"href":"https:\/\/www.rekvi.ee\/fi\/wp-json\/wp\/v2\/product_tag?post=81469"}],"curies":[{"name":"wp","href":"https:\/\/api.w.org\/{rel}","templated":true}]}}

Vauvan palasaippua kamomillalla, kehäkukalla ja pantenolilla 70 g

<p>Hellävarainen vauvan palasaippua on suunniteltu vauvojen herkän ja hellän ihon päivittäiseen puhdistukseen. Kamomillaa, kehäkukkaa, glyseriiniä ja pantenolia sisältävä koostumus auttaa puhdistamaan ihoa hellävaraisesti sekä kosteuttamaan ja pehmentämään sitä.</p>
<p>Saippua ei sisällä väriaineita eikä hajusteita. Se ei kuivata ihoa ja sopii päivittäiseen vauvan ihonhoitoon, myös vastasyntyneille.</p>
<h3>Tärkeimmät edut</h3>
<ul>
<li>Sisältää kamomillaa ja kehäkukkaa</li>
<li>Sisältää glyseriiniä ja pantenolia</li>
<li>Hypoallergeeninen koostumus</li>
<li>Ei sisällä väriaineita</li>
<li>Hajusteeton</li>
<li>Ei kuivata ihoa</li>
<li>Sopii herkälle vauvan iholle</li>
<li>Sopii vastasyntyneille</li>
<li>Puhdistaa ihon hellävaraisesti</li>
<li>Kosteuttaa ja pehmentää ihoa</li>
<li>Rauhoittaa ihoa</li>
<li>Tukee ihon uusiutumista</li>
</ul>
<p><strong>Vaikutus:</strong> puhdistava, rauhoittava, kosteuttava, pehmentävä ja uudistava.</p>
<p><strong>Käyttö:</strong> vauvan herkän ihon päivittäiseen puhdistukseen ja hoitoon.</p>

<!-- This site is optimized with the Yoast SEO plugin v19.5.1 - https://yoast.com/wordpress/plugins/seo/ -->
<title>Vauvan palasaippua kamomillalla, kehäkukalla ja pantenolilla 70 g &ndash; REKVI</title>
<meta name="description" content="Заказать «Vauvan palasaippua kamomillalla, kehäkukalla ja pantenolilla 70 g» в интернет-магазине REKVI с доставкой по Эстонии. ☎ +3726363659" />
<meta name="robots" content="index, follow, max-snippet:-1, max-image-preview:large, max-video-preview:-1" />
<link rel="canonical" href="https://www.rekvi.ee/fi/toode/vauvan-palasaippua-kamomillalla-kehakukalla-ja-pantenolilla/" />
<meta property="og:locale" content="fi_FI" />
<meta property="og:type" content="article" />
<meta property="og:title" content="Vauvan palasaippua kamomillalla, kehäkukalla ja pantenolilla 70 g &ndash; REKVI" />
<meta property="og:description" content="Заказать «Vauvan palasaippua kamomillalla, kehäkukalla ja pantenolilla 70 g» в интернет-магазине REKVI с доставкой по Эстонии. ☎ +3726363659" />
<meta property="og:url" content="https://www.rekvi.ee/fi/toode/vauvan-palasaippua-kamomillalla-kehakukalla-ja-pantenolilla/" />
<meta property="og:site_name" content="REKVI" />
<meta property="article:publisher" content="https://www.facebook.com/Rekvi.ee" />
<meta property="og:image" content="https://www.rekvi.ee/wp-content/uploads/2026/09/4820023360075-500x500-1.jpg" />
	<meta property="og:image:width" content="500" />
	<meta property="og:image:height" content="500" />
	<meta property="og:image:type" content="image/jpeg" />
<meta name="twitter:card" content="summary_large_image" />
<script type="application/ld+json" class="yoast-schema-graph">{"@context":"https://schema.org","@graph":[{"@type":"WebPage","@id":"https://www.rekvi.ee/fi/toode/vauvan-palasaippua-kamomillalla-kehakukalla-ja-pantenolilla/","url":"https://www.rekvi.ee/fi/toode/vauvan-palasaippua-kamomillalla-kehakukalla-ja-pantenolilla/","name":"Vauvan palasaippua kamomillalla, kehäkukalla ja pantenolilla 70 g &ndash; REKVI","isPartOf":{"@id":"https://www.rekvi.ee/#website"},"datePublished":"2026-09-04T10:16:36+00:00","dateModified":"2026-09-04T10:16:36+00:00","description":"Заказать «Vauvan palasaippua kamomillalla, kehäkukalla ja pantenolilla 70 g» в интернет-магазине REKVI с доставкой по Эстонии. ☎ +3726363659","breadcrumb":{"@id":"https://www.rekvi.ee/fi/toode/vauvan-palasaippua-kamomillalla-kehakukalla-ja-pantenolilla/#breadcrumb"},"inLanguage":"fi","potentialAction":[{"@type":"ReadAction","target":["https://www.rekvi.ee/fi/toode/vauvan-palasaippua-kamomillalla-kehakukalla-ja-pantenolilla/"]}]},{"@type":"BreadcrumbList","@id":"https://www.rekvi.ee/fi/toode/vauvan-palasaippua-kamomillalla-kehakukalla-ja-pantenolilla/#breadcrumb","itemListElement":[{"@type":"ListItem","position":1,"name":"Shop","item":"https://www.rekvi.ee/en/e-shop/"},{"@type":"ListItem","position":2,"name":"Vauvan palasaippua kamomillalla, kehäkukalla ja pantenolilla 70 g"}]},{"@type":"WebSite","@id":"https://www.rekvi.ee/#website","url":"https://www.rekvi.ee/","name":"REKVI","description":"Tere tulemast kosmeetika maailma!","potentialAction":[{"@type":"SearchAction","target":{"@type":"EntryPoint","urlTemplate":"https://www.rekvi.ee/?s={search_term_string}"},"query-input":"required name=search_term_string"}],"inLanguage":"fi"}]}</script>
<!-- / Yoast SEO plugin. -->

Vauvan palasaippua kamomillalla, kehäkukalla ja pantenolilla 70 g &ndash; REKVI

Заказать «Vauvan palasaippua kamomillalla, kehäkukalla ja pantenolilla 70 g» в интернет-магазине REKVI с доставкой по Эстонии. ☎ +3726363659
